 z = -84 + q. What is the hundreds digit of z?
1
Let v(g) = 82*g**3 - 2*g**2 - 5*g + 7. Let o be v(2). Let l = o - 112. What is the tens digit of l?
3
What is the tens digit of (-5)/(-1) + -131 + 13020?
9
Let y(v) = -3303*v + 909. What is the ten thousands digit of y(-4)?
1
Let k(f) = -245*f - 405. What is the hundreds digit of k(-24)?
4
Let o be (-19 - -11)/((-2)/214). Let l = 1522 - o. What is the tens digit of l?
6
Suppose 7980 = x + g, -84*g = 2*x - 86*g - 15952. What is the units digit of x?
8
Let a = 35935 + -25013. What is the hundreds digit of a?
9
Suppose 36*r - 710 - 1594 = 0. Let z = r + 7. What is the tens digit of z?
7
Suppose 3*q = -3*u - 324, -19 = 2*u - 4*q + 167. Let k = u + 628. What is the units digit of k?
5
Let k(v) = 42*v + 9. Let b be k(-12). Let a = b - -884. What is the units digit of a?
9
Suppose 0 = 3*n - 250 - 872. Suppose 9*g - n = 1390. What is the hundreds digit of g?
1
Let l be 10 - (-6 - -1 - -6). Suppose l*n - 3*n - 1350 = 0. What is the hundreds digit of n?
2
Let c be ((-85)/15 + 3)*(-3)/2. Let o be 447/c + 6/(-48)*-2. What is the hundreds digit of (-2 + 4)*o + 0?
2
Suppose 0 = -3*z - t - 6233, -5*t + 10355 = -0*z - 5*z. Let i be z/(-42) - (-3)/(-7). Let d = -30 + i. What is the tens digit of d?
1
Let d(n) be the third derivative of 17*n**4/12 + 127*n**3/6 + 127*n**2. What is the units digit of d(14)?
3
Let s = -184 + 190. Suppose 4470 = s*r + 4*r. What is the units digit of r?
7
Let n = -262 + 255. Let m(r) = 5*r**3 - 13*r**2 + 23*r + 8. Let s(y) = 2*y**3 - 4*y**2 + 8*y + 3. Let v(w) = -3*m(w) + 8*s(w). What is the units digit of v(n)?
5
Let s(z) = -3*z**2 + 2*z + 180. Suppose 17*i - 36 = 13*i. Suppose i*v = -0*v. What is the hundreds digit of s(v)?
1
Suppose 4*z + 44 = -f, 3*f + 9 = 4*z - 59. What is the units digit of (f - 2)/(6 + (-552)/90)?
5
Let m(k) = -k**3 + k**2 + 2. Let a(q) = -4*q**3 + 22*q**2 + 24*q + 5. Let o(z) = a(z) - 5*m(z). What is the tens digit of o(-12)?
2
Let y = -88 + 146. Let z be 5/35 - 1125/35. Let t = y + z. What is the units digit of t?
6
Let m be ((-4)/18 + (-5304)/189)*14. Let p = -351 - m. What is the tens digit of p?
4
Suppose 5*k - 40 = 5*q, 2*k = q + 4*k + 8. Let z(x) = -2*x**2 - 19*x - 16. Let s be z(q). What is the tens digit of (-603)/(-36) + 2/s?
1
Let j(g) = -g**2 - 42*g - 98. Let v be j(-15). Suppose -2*f + v + 139 = 0. What is the hundreds digit of f?
2
Let c(p) = 3*p**2 - 3*p - 4. Let t be c(2). Suppose j + t*b = -15, b + 2 = -b. Let q(s) = -10*s + 54. What is the hundreds digit of q(j)?
1
Let w = 63479 - 44074. What is the hundreds digit of w?
4
Suppose 0 = 3*r - 2*r - 5, -4*d - 3*r = -307. Suppose 2*i - 1052 = 4*u, 3*u - 1160 = -2*i - d. What is the tens digit of i?
3
Suppose -24 = 4*x - 24. Suppose 0 = w - x*w - 2*z - 124, 5*z = 3*w - 375. Suppose 0 = -3*s - u - 2*u + 102, -4*s - 2*u + w = 0. What is the units digit of s?
1
Suppose 38 = -2*f - 40. Let m = 755 - f. What is the tens digit of m?
9
Let v(w) = 2316*w - 667. What is the thousands digit of v(1)?
1
Suppose -5*f + d = 23 + 113, 137 = -5*f + 2*d. Suppose 11*v + 8 = -58. What is the units digit of (2/v)/(3/f)?
3
Suppose 4*h = -q + 14, 3*h - 6 = -2*q - q. Suppose 0 = -5*n - 3*r + h*r + 10, -3*n + 4*r - 11 = 0. Suppose 2 = n*o - 517. What is the hundreds digit of o?
1
Let i be (0 - -4)/(-8) - (-10)/4. Suppose 4 = i*c + 2*c. What is the units digit of c/((-1)/(-37 - 0))?
7
Let w = -4241 - -7799. What is the thousands digit of w?
3
Let j = 40774 + -22916. What is the thousands digit of j?
7
Let g(b) = 68*b + 1908. What is the thousands digit of g(60)?
5
Suppose 2*k = 4*y + 1118, 3*k + 0*k + 3*y = 1650. Suppose -5*v + k = -2*i - 7, v + 4*i = 134. What is the hundreds digit of v?
1
Let l(w) = 28*w**2 + 13. Let j be l(-4). Let n be -1 - j/2 - 9/6. Let u = n + 347. What is the tens digit of u?
1
Suppose 2*i - 4*y - 23432 = 0, -2*i + 2*y + 9918 = -13512. What is the ten thousands digit of i?
1
Let f = -8 + 391. Suppose f*x - 384*x + 227 = 0. What is the units digit of x?
7
Suppose 27*d - 3*d = -33*d + 171456. What is the hundreds digit of d?
0
Let a(x) = -2*x**3 - 19*x**2 + 167*x + 296. What is the thousands digit of a(-22)?
8
Let y(v) = -37*v + 39. Suppose 38*c - 88 = 46*c. What is the hundreds digit of y(c)?
4
What is the hundreds digit of (-25 - -31)/(8/(-202))*(-24)/18?
2
Let m(b) = -55*b**3 - 3*b**2 - 8*b + 25. What is the tens digit of m(-9)?
4
Suppose 108 = 2*t + 4*t. Let x be (-52 - 2)/(t/(-12)). Let h = -22 + x. What is the units digit of h?
4
Let f = -392 - -216. What is the hundreds digit of (-9900)/f*-2*16/(-3)?
6
Let a(x) = -x**2 + 17*x + 38. Let v be a(19). Suppose v = -b - 3*b + 4*y + 20, -5*b + 4*y + 30 = 0. What is the tens digit of b?
1
Let w(n) be the third derivative of -n**6/60 - n**5/5 - 9*n**4/4 - 3*n**3/2 + 194*n**2. What is the units digit of w(-7)?
7
What is the hundreds digit of 3 - (-2 - -3)/(-11 + 260407/23674)?
3
Let k(r) be the third derivative of r**5/15 - r**4/12 + r**3/3 + 2*r**2. Let j be 152/(-36) + (24/54)/2. What is the tens digit of k(j)?
7
Let h(r) be the third derivative of 9*r**5/20 + r**4/4 - 3*r**3/2 + 21*r**2. Let p be h(6). Suppose -v = -10*v + p. What is the tens digit of v?
1
Let q = 210 + 697. Let v = -600 + q. What is the tens digit of v?
0
Suppose -3*l - 1289 = -2*h - 18256, -3*l - 4*h + 16943 = 0. What is the tens digit of l?
5
Let v(k) = 2*k**3 - 8*k**2 - 7*k - 74. Let h(y) = y**3 - 4*y**2 - 4*y - 37. Let s(z) = 5*h(z) - 2*v(z). What is the units digit of s(7)?
8
Let z(i) = 54 - 116 + 62 + 7*i. Let n be z(0). Suppose 17*w - 14*w - 387 = n. What is the units digit of w?
9
Suppose 2201380 + 2326060 = 214*p - 41460. What is the hundreds digit of p?
3
Let k = -4855 + 18121. What is the thousands digit of k?
3
Suppose -3*y + 138 = -5*j, -y - 4*j = -6*y + 230. Suppose y*n = 44*n - 156. What is the tens digit of 61*8*(7 - n/(-12))?
4
Let h(p) = -2*p**3 + 9*p**2 + 19*p + 1. Let l be h(6). Suppose 9*w = l*w + 1994. What is the units digit of w?
7
Suppose -5*z + 4*v + 29311 = 3*v, -5*z - 3*v + 29307 = 0. What is the hundreds digit of z?
8
Let v be -915 - (-1 + 1) - (-25 + 28). What is the hundreds digit of v/(-24)*80/6?
5
Let x(p) = 567*p**2 + 28*p + 124. What is the thousands digit of x(-4)?
9
Suppose 0 = -154*r - 125*r + 1570770. What is the hundreds digit of r?
6
Let m(b) be the first derivative of -b**4/4 + 13*b**3/3 - b**2 + 8*b + 23. Let t be m(11). Suppose 4*l - t = 268. What is the tens digit of l?
2
Let q = 1905 + -1246. Let h = -645 + q. What is the tens digit of h?
1
Suppose -3*a + 5*a + 2642 = h, -a = 2. What is the units digit of h*(0 - 3/(-6))?
9
Let h(z) = -z**3 + 15*z**2 - 13*z - 5. Let a be h(14). Suppose -3*d + 0 + a = 0. Suppose -63 = -d*i + 57. What is the tens digit of i?
4
What is the tens digit of -179*(-1231 - -10)/11?
6
Suppose -29826 = -3*o - 3*m, -3*m = -3*o + 17049 + 12789. What is the tens digit of o?
4
Let g = -1 + -3. Let m(x) = 4*x**3 + x**2 - 3*x - 8. Let u be m(g). Let a = u - -352. What is the tens digit of a?
1
Let i(j) = 88*j**2 + 22*j - 6. Suppose -5*h + 2*c + 9 = 5*c, 3*h - 15 = 3*c. What is the tens digit of i(h)?
5
Let c(n) = 4*n**3 + 43 + 16*n - 12 + 8*n**3 - 32*n**2 - 10*n**3. What is the tens digit of c(16)?
8
Suppose 9331 = 19*o - 5318. Suppose 5*m - 305 = -14*b + 12*b, 5*b - o = -4*m. What is the units digit of b?
5
Suppose -8*s + 153 + 87 = 0. Let g = -27 + s. Suppose 8 = -2*c, g*x - 60 - 185 = 5*c. What is the tens digit of x?
7
Let r(y) = -5*y + 110. Let k be r(18). Suppose 5*h = k*h - 5475. What is the tens digit of h?
6
Suppose 2*y + m - 45 - 251 = 0, -m = 4. Let n = -75 + 79. Suppose b + n*b - 5*l - 405 = 0, 5*l = 2*b - y. What is the units digit of b?
5
Let x be ((-4)/(-7 - -6))/((-2)/(-968)). Let p = -1283 + x. What is the tens digit of p?
5
Suppose 3*j = 6*j - 240. Suppose 585 = 5*c - j. What is the tens digit of c?
3
Let i = -4 - -8. Suppose 12 = 2*t + i. What is the units digit of ((-14)/(-4))/(-2 + 10/t)?
7
Let i = 43 + -35. Suppose -i*v - 4550 = -13606. What is the thousands digit of v?
1
Let s(k) be the second derivative of 25*k**3/6 - 9*k**2/2 + 21*k. Let u be s(-8). Let l = -147 - u. What is the tens digit of l?
6
Let j = 38071 + -24750. What is the tens digit of j?
2
Let i be (0/(-6))/((-2)/(-2)). Suppose -4*